 14, -28 = -2*n + 5*g - 2. Suppose n*u = 5*u. Suppose 4*o + 22 - 6 = u. What is a(o)?
0
Suppose f = -2 + 4. Suppose -2*c + k - 12 = 0, f*k + 9 = -4*c + 1. Let r(v) = -v**3 - 4*v**2 + 2*v + 1. Give r(c).
-7
Suppose 4*q = -8, p + 4*p - 20 = -5*q. Suppose -2*i + 4 = -p. Let y(u) be the third derivative of u**6/120 - u**5/12 - u**4/24 + 5*u**3/6 - u**2. Give y(i).
0
Let j(w) = -w**2 - 3*w - 2. Let x be j(-3). Let k be (x + 0 - -2)/1. Let t(v) = -5 - 2*v + v**3 + 2*v. What is t(k)?
-5
Let c(q) = q**2 - q + 5. Let w(h) = 3*h**2 - 3*h + 15. Let o(i) = -11*c(i) + 4*w(i). What is o(0)?
5
Let r(y) be the third derivative of -y**5/60 - y**4/3 - 2*y**3/3 + 2*y**2. Let q be r(-7). Let p(w) = -7 + 6*w - 2*w**2 + 3 - w. Determine p(q).
-7
Let c(r) = -r**3 - 7*r**2 + 9*r + 9. Let o be c(-8). Let i(k) be the first derivative of 0*k + 0*k**2 + 2 + 1/3*k**3 - 7/4*k**4. Calculate i(o).
-6
Let l(x) = -x**3 + x**2 - 6*x - 6. Let v(t) = t**2 + t + 1. Let g(a) = l(a) + 4*v(a). Let z be (-10)/(-15)*(-3)/(-2). Let c be 4/(-2) + z + 5. Give g(c).
6
Let m(s) = s**2 + 4*s - 2. Let t be -3 + (-15 - -3)/3. Let c = 1 - -1. Let k = c + t. What is m(k)?
3
Let n(f) be the first derivative of -1/3*f**3 - 7 - 1/2*f**2 + f. What is n(2)?
-5
Let o(l) = l + 6. Suppose 21 = -5*x - 9. What is o(x)?
0
Let y be (1 + 2)/6*-4. Let l be 54/66 + y/(-11). Let i(u) = 3*u**3 + u**2 - u + 1. Give i(l).
4
Let f(j) = 2*j**2 + 5*j - 9. Let x = 0 + 8. Let h = -11 + x. Let k(r) = r**2 + 3*r - 5. Let y(m) = h*f(m) + 5*k(m). Determine y(2).
-2
Suppose -2*v + 0 - 2 = 0. Let h(i) = -6*i. Determine h(v).
6
Let v be -1*(0 + -1) + 1. Let o(d) = d**3 + 4 + 7*d - 3*d - 8*d**2 + 4*d**2 - 7. Determine o(v).
-3
Let l(w) = w**3 + 4*w**2 - w - 3. Let j(r) = r - 2. Let b be j(2). Suppose -3*k + 6*k - 6 = b. Let a(u) = -u**3 + u + 2. Let d be a(k). What is l(d)?
1
Let i = 26 - 31. Let f(n) = n - 5. What is f(i)?
-10
Let d(l) = l + 12. Suppose -5*y = 33 - 8. Let n be d(y). Let m(w) = -6*w - n + 4*w + 3*w. Determine m(0).
-7
Let t(u) be the second derivative of u**5/20 - 3*u**4/4 - 5*u**2/2 + 19*u. Give t(9).
-5
Let h(b) be the first derivative of b**3/3 + b**2 - 3*b + 2. Give h(-3).
0
Let n = 2 + 3. Let k(d) = d**3 - d**2 - d + 4. Let l(s) = -s**3 - 4. Let o(g) = -4*k(g) - 3*l(g). Determine o(n).
-9
Let q(i) = -i - 27. Let j = 12 - 12. Calculate q(j).
-27
Let o(k) = 4*k - 3. Let j = -13 - -23. Let h = j - 6. Let b = -2 + h. Give o(b).
5
Let w(h) = 5*h + 1. Let b(l) = l**2 + 9*l + 1. Let k be b(-9). Suppose -2*t = -t - k. Calculate w(t).
6
Let p(f) = -f**3 + 1. Let a be (-1 - -1) + 2 + -3. Let w = a - 2. Let q = 4 + w. Determine p(q).
0
Let m(j) = -4*j + 6 - 7*j + 15*j - 3*j. Determine m(-8).
-2
Suppose 4*x + 7 = 5*x - s, -x + 5*s + 27 = 0. Let r(l) = 0 + 1 + l**2 - x*l**2. Suppose 0 = 5*o - 4*k + k, k = 3*o + 4. Determine r(o).
-8
Let i(k) = k - 8. Let o(f) = 2*f + 1. Let n be o(1). Let p(q) = q - 7. Let j(m) = n*i(m) - 4*p(m). Give j(2).
2
Suppose -15 = 2*i + i, -2*i - 6 = 4*o. Let z(m) be the first derivative of 11*m**4/4 + m**3/3 - m**2 + m + 1. What is z(o)?
11
Let l = -1 + 5. Let k(t) = 4*t + 0*t - 3 - 3*t. Give k(l).
1
Let a(j) = -6*j - 8 + 14*j - 3*j**2 - 9*j + 9. Give a(2).
-13
Let h(u) be the first derivative of -u**3/3 - 1. Let g(n) be the first derivative of 7*n**3/3 + n - 9. Let y(s) = g(s) + 2*h(s). Give y(1).
6
Let q(t) = -t**2 + t + 11. Let u(g) be the second derivative of g**3/6 + 3*g**2/2 + 5*g. Let j be u(-3). What is q(j)?
11
Let j(s) = -s + 6. Let c be j(6). Suppose 12 = -c*p + 2*p. Let k(u) = -u + 12. Determine k(p).
6
Let r(s) be the second derivative of -s**4/12 - 5*s**3/6 + 5*s**2/2 - 2*s + 1. Give r(-7).
-9
Let j(o) = -o**2 - 7*o - 6. Let h = -18 + 12. What is j(h)?
0
Suppose -3*m + 19 = 7. Suppose 4*s + 3*b - 28 = 4, -3*s - 1 = -4*b. Suppose -m = s*f + 1. Let p(u) = u**2 - u. Calculate p(f).
2
Let m(o) = o**3 - 5*o**2 + 1. Let z be m(5). Let j(q) = q + 1 + 3*q - 5*q. Give j(z).
0
Let x be 2/((10/(-3))/(-5)). Let z(o) = -2*o**2 + 0 + o**x + 2 - 3. Determine z(2).
-1
Let a(o) = 3*o**2 - 1. Let m be a(1). Let g(y) = 2 + 1 + 5*y + y**3 - 3*y**2 - y**m + 8*y**2. Calculate g(-3).
-3
Let y(a) = -12*a**3 + a**2 + 23*a**3 + a - 12*a**3 + 0*a. Suppose -5*b + z + 5 + 2 = 0, -4*z + 12 = 0. Determine y(b).
-2
Let b(p) be the third derivative of p**8/2520 + p**7/5040 - p**6/720 + p**5/20 - 3*p**2. Let z(q) be the third derivative of b(q). Determine z(1).
8
Suppose 5*i + 5 = 0, -3 = -5*o - 5*i + 2. Let q(h) = o*h + 0 + 2 + 3 + h. What is q(-4)?
-7
Let p(b) = -4*b**2 - 9*b - 8. Let n(l) = -l**2 - 3*l - 3. Let v(a) = 8*n(a) - 3*p(a). What is v(-2)?
10
Let g(c) = -4*c**3 + 4*c**2 + 3*c + 2. Let s(z) = -8*z**3 + 9*z**2 + 7*z + 5. Let j = 1 + 4. Let o(r) = j*g(r) - 2*s(r). Calculate o(-1).
5
Let f(k) = 6*k**2 + 11*k + 1. Let x(t) = t**2 + t. Let g(u) = f(u) - 5*x(u). What is g(-4)?
-7
Let i = 1 + 1. Let g(q) = -2*q + 2. Give g(i).
-2
Let h = -8 - -9. Let b be -1 + 0 + 4/h. Let q(w) = -w**2 + 2*w + 4. What is q(b)?
1
Let z(x) = x**3 + x + 1. Let s = 9 - 6. Let m(g) = 1 + s + 6*g - 2*g**2 + g**2 + 4*g**3. Let o(i) = -m(i) + 5*z(i). What is o(-2)?
-1
Let c(q) = -q + 2. Let z be c(6). Let d(b) be the first derivative of 1/2*b**2 + 6*b + 3. Determine d(z).
2
Let k(z) be the third derivative of z**9/60480 + z**8/4032 + z**7/840 - z**5/60 + 2*z**2. Let n(u) be the third derivative of k(u). Calculate n(-4).
-8
Let a(k) = -k**3 - k**2 - 1. Let s(i) = 2*i**3 - 2*i**2 + 8*i + 12. Let c(d) = -3*a(d) - s(d). Let f = 5 - 4. Let p be f/(-2) - 11/2. What is c(p)?
3
Let g(o) = 9*o**2 + o + 1. Suppose 0*j + 2*m + 35 = 3*j, 3*j + 4*m = 11. Let p = j + -10. Give g(p).
9
Let t(n) = -2*n**2 + 3*n - 3*n + 0*n. Calculate t(1).
-2
Let x(m) = m**3 + 4*m**2 + 5*m + 2. Let f be x(-3). Let b(p) = 9*p - 7. Let n(d) = 2*d - 1. Let l(s) = -b(s) + 4*n(s). Determine l(f).
7
Let v(k) be the third derivative of 5*k**4/24 - k**3/6 - k**2. Let a(y) = y + 4. Let i be a(-3). Let g = 0 + i. What is v(g)?
4
Let a(q) = -2 + 0 + q**2 + 1 + 4 - 8*q. Give a(7).
-4
Let x(q) = -q**3 + 4*q**2 - q - 1. Let i(p) = 4*p**2 + p + 1. Let f be i(-1). Calculate x(f).
-5
Suppose -3*b = -5*p + b, -p - 4*b + 24 = 0. Let r(j) = j - 6. Determine r(p).
-2
Let m(o) = -o + 1. Let b(l) = l**3 - 6*l**2 + l - 2. Let r(f) = -b(f) - m(f). Calculate r(6).
1
Let w(b) = 6*b**2 - 4*b - 6. Let s(t) = -5*t**2 + 4*t + 7. Let c(p) = -5*s(p) - 4*w(p). What is c(8)?
21
Let b(n) be the first derivative of -n**3/3 - 7*n**2/2 - 12*n - 5. Let j be b(-6). Let m(w) = -w**2 - 7*w - 7. What is m(j)?
-1
Let w(o) = -14*o**2 + 1 + 13*o**2 - 2 + o. Give w(1).
-1
Suppose 18 = -2*m + 2*k, -4*k + 3*k - 33 = 5*m. Let r(y) = y**2 + 6*y + 3. Determine r(m).
10
Let q(s) = 2*s**3 - 2*s**2 - 2*s - 1. Let b be q(-1). Let w be (b/2)/((-3)/4). Let g(l) = -l**3 + 4*l**2 - 2*l + 3. What is g(w)?
7
Let i(b) be the third derivative of -b**4/12 - b**3/6 + 15*b**2. Give i(-4).
7
Let o be (-1 + 3)/((-3)/(-12)). Let y(s) = s**3 - 7*s**2 - 8*s. Let q be y(o). Let r(v) = v**2 + v + 2. Let t be r(q). Let w(a) = a**2 - 3*a + 2. Give w(t).
0
Let f(o) be the second derivative of -o**3/6 - 5*o. What is f(-1)?
1
Let j(w) = w - 3. Let m(i) = i**2 - 4*i - 4. Let a be m(4). Determine j(a).
-7
Let d(j) = -2*j**3 - 2*j**2. Let a(c) = -c**2 - c - 2. Let r = -7 + 11. Suppose 5*f = r*f. Let k be a(f). Determine d(k).
8
Let d(n) be the third derivative of 0*n**3 - 1/15*n**5 + 0*n**4 - 4*n**2 + 0*n + 0. Let b be d(1). Let r(h) = h**3 + 5*h**2 + 6*h. What is r(b)?
-8
Let x(h) = -h**3 - 4*h**2 + 7*h + 2. Suppose -15 = 5*i, 5 = -5*t + 3*i + 24. Let a(s) = -5 - 4*s + 7*s**2 - 7*s**t + s**2. Let v be a(4). Calculate x(v).
-8
Let t(i) be the first derivative of -i**5/120 - 5*i**4/24 + 8*i**3/3 + 7. Let v(j) be the third derivative of t(j). Determine v(-6).
1
Let v(o) = -o**3 - o**2 + 4*o - 1. Let n(m) = 9*m + 3. Let w be n(1). Suppose 0 = -3*l - 5*q - 14, 0 = 4*l - 2*l + 2*q + 12. Let z be (w/l)/(1/2). Give v(z).
5
Let t(w) = 2*w**2 - 1. Let z(x) = x**2. Let j(i) = t(i) - 5*z(i). Suppose -3*b - 10 = -5*b. Suppose 0 = 3*g + 4*n + b, 1 = -2*g - 2*n - 1. Determine j(g).
-4
Suppose 4*x - 3*x = 2. Suppose -2*r = x*r. Let t(q) = -q**3 - 5*q**2 + q + 4. Let n(u) = u**3 + 6*u**2 - u - 4. Let j(v) = -5*n(v) - 6*t(v). Calculate j(r).
-4
Let b(t) = 